(4). Calculate the highest common divisor of x and 50.
10
Let k be (2/4)/((-4)/69*17/(-3264)). Calculate the greatest common factor of k and 360.
72
Suppose -23*y - 10*y = 10164. Let u = 356 + y. What is the greatest common divisor of u and 3?
3
Let l = -10454 + 31018. Calculate the greatest common factor of 424 and l.
212
Suppose -4*k = 3 + 21. Let h be (0 - 3/k)*10. Suppose 1 + 16 = 2*v + s, -5*v = h*s - 55. What is the highest common divisor of v and 15?
3
Let h(x) = 2*x**2 - 16*x - 13. Let i(c) = -3*c**2 + 17*c + 12. Let r(f) = 4*h(f) + 3*i(f). Let j be r(-8). What is the highest common factor of j and 8?
8
Let y be (-4)/(-1 + 5)*(-24 - -3). Let r(z) = -2*z**3 - 8*z**2 + z + 9. Suppose -3*l = 2*l + 30. Let u be r(l). What is the greatest common divisor of y and u?
21
Suppose -28*u - 9*u = -20*u - 2006. Calculate the greatest common divisor of 826 and u.
118
Let s be (116/(-290))/(2/(-185)). What is the highest common factor of 481 and s?
37
Let w(h) = h**3 + 16*h**2 - 21*h + 33. Let g be w(-17). Suppose -3*f = g - 131. What is the greatest common divisor of 105 and f?
5
Suppose 36*j = -2361 + 4017. What is the highest common factor of j and 1242?
46
Suppose t + 3*g - 1899 = 7471, -3*t + 5*g = -28068. Suppose t = 26*s - 3*s. Calculate the highest common divisor of 11 and s.
11
Let l = 157 + -1. Suppose -l = -16*f - 28. What is the highest common factor of 272 and f?
8
Let m(b) = -b**2 - b. Let q(j) = 3*j**2 - 11*j - 30. Let n(d) = 4*m(d) + q(d). Let g be n(-8). What is the greatest common divisor of g and 208?
26
Suppose t = -2*r - 2 + 5, -5*t - 25 = 0. Suppose r*n - 138 = 3*n. What is the greatest common divisor of n and 46?
46
Let x = 62 - 58. Suppose 2 = -2*f + 2*u, 1 = x*f + u - 4*u. Suppose -2*b = -f*b + 54. Calculate the highest common divisor of 9 and b.
9
Suppose -40*q + 33*q = -182. Let z(s) = 110*s - 1 - 3 + 27 - 111*s. Let x be z(-16). What is the highest common factor of q and x?
13
Let g(r) = 6*r**2 + 2*r - 3. Let q be g(6). Suppose -4*w - 516 = -2364. Suppose -62 = 16*n - w. What is the highest common factor of n and q?
25
Let r(a) = 8*a - 3. Let x be r(2). Suppose -x*v - 20 = -18*v. Suppose 3*d - 672 = -4*b, -v*b + d + 535 = -121. What is the greatest common divisor of b and 15?
15
Let z(k) = 47*k - 16. Let f(d) = -186*d + 65. Let x(c) = 2*f(c) + 9*z(c). Let y be x(4). What is the greatest common divisor of 19 and y?
19
Suppose 211 - 218 = v. Let a(b) = -3*b**2 - 24*b + 4. Let r be a(v). What is the highest common factor of r and 25?
25
Let m = 18 - -4. Let l(u) = m + 3 - 14 + u. Let q be l(-7). What is the greatest common divisor of q and 32?
4
Let j(n) = 4*n - 2*n**3 + 0 + 4 + n**3. Let g = 1159 - 1161. Let b be j(g). Calculate the highest common factor of 8 and b.
4
Let h = -123 - -104. Let q = 22 + h. Suppose -2*a + 96 = -4*k, -q*k = -6*k - 3. Calculate the greatest common divisor of 322 and a.
46
Let t(p) = -p + 262. Let y be t(22). Let z be (-2 + 3)/(1/30). Calculate the greatest common factor of y and z.
30
Suppose n + 0*n - 16 = -3*a, -5*n = -20. Let w be a/10 + (-270)/50. Let g(x) = -4*x + 18. Let s be g(w). Calculate the highest common factor of s and 19.
19
Let d(m) = -6*m + 4. Let j be d(-6). Let k(l) = -l**3 - 117*l**2 - 226*l + 470. Let n be k(-115). Calculate the highest common factor of n and j.
10
Suppose -304 = -m - 4*r, -5*m - r + 1657 = 213. What is the highest common divisor of 117 and m?
9
Suppose -5*r + 20 = 4*z, -2*z - 5*r = -6*z + 20. Let p be 3 + (-20)/z - -5. Suppose -p*f + 7 - 3 = 0. What is the highest common divisor of 2 and f?
1
Let b = 3584 + -3480. Calculate the highest common factor of b and 4186.
26
Suppose -v - j = -409, 4*v - 38*j - 1618 = -39*j. What is the greatest common divisor of 1053 and v?
13
Suppose 3*d - r = 185, -r + 45 = d + 2*r. Suppose 22*a = -106*a + 8233 + 1367. What is the greatest common factor of a and d?
15
Suppose 0 = -177*c + 187*c - 91910. Calculate the greatest common factor of c and 101.
101
Let v = -587 + 651. Calculate the greatest common divisor of 16 and v.
16
Suppose -13900 = 5*n - 2*k - 101510, 5*n = 15*k + 87675. What is the greatest common factor of 15 and n?
15
Let c be 51 + 5862 - (-2 - -2). What is the greatest common factor of 81 and c?
81
Let g = 4117 + -4099. Calculate the highest common factor of 954 and g.
18
Suppose -2*h = -13*h + 231. Suppose -h*l = -23*l + 8. Suppose -50 = -l*v - 2*m, -v + 14 = -3*m + 2*m. What is the highest common divisor of v and 1?
1
Suppose 0 = a - 715 - 3773. Let z be a/16 - 2/4. What is the greatest common factor of 70 and z?
70
Suppose 4*k + 8 = -16. Let u be 341/k - 17/102. Let y = u + 82. What is the greatest common factor of y and 225?
25
Suppose 29*q - 69926 + 19901 = 0. Calculate the highest common divisor of q and 3565.
115
Let k = -9709 + 9735. Calculate the greatest common divisor of k and 741.
13
Suppose 4*u = x - 4*x + 44, -5*u + 4*x = -24. Suppose 75*g - 182*g + 2568 = 0. Calculate the highest common divisor of g and u.
8
Let u = -68855 + 68859. Suppose 2*w - 2*j = 2, -2*w - j = -5*j. Let x = w - 1. Calculate the greatest common divisor of x and u.
1
Let m be 6/(7/3 - 2). Let i be (-2 + 0)*(-693)/m. Suppose 5 = 2*x - 3*p, -3*x + 4*p + p = -6. Calculate the highest common factor of i and x.
7
Let m be (-6808)/(-185)*(4*10)/2. Suppose -p + m = 3*h + 37, -6 = -2*p. Calculate the greatest common factor of 145 and h.
29
Let x = -8 - -16. Let o = -64 - -70. Let m(s) = s**2 + 4*s + 12. Let z be m(o). Calculate the greatest common factor of z and x.
8
Let u(x) = -x**3 + 58*x**2 + 190*x + 41. Let s be u(61). What is the highest common factor of 348 and s?
12
Let h be 34/(-2 + 58/28). Suppose 24*o - 31*o + h = 0. What is the greatest common divisor of o and 68?
68
Suppose 4*g = 2*r - 158, 0 = 4*r + 4*g + 769 - 1025. Calculate the greatest common divisor of 39 and r.
3
Let x(g) = -g**3 + 5*g**2 + 12*g + 3. Let a be x(6). Suppose r - a = 5*m + 10, 4*m + 158 = 3*r. Let k = 60 - r. What is the greatest common divisor of k and 4?
2
Let y be 1 + (-4)/3 - (-29124)/(-108). Let g = -151 - y. What is the greatest common divisor of g and 17?
17
Suppose -s - 21 = -27*b + 23*b, -5*b + 2*s + 21 = 0. Let q(f) = 2*f**2 + 10*f - 5. Let p be q(8). Calculate the greatest common factor of p and b.
7
Let x = -26521 + 27281. Calculate the highest common factor of x and 475.
95
Suppose 0*z + z - 3*x - 36 = 0, -3*z = 2*x - 86. Suppose 2*o - 69 = 3*t, -122*o - 2*t - 62 = -124*o. Calculate the highest common divisor of o and z.
6
Let s = -1341 - -1403. Suppose 575 = 3*w - 913. What is the greatest common divisor of w and s?
62
Suppose 7*s - 31*s + 6*s + 720 = 0. What is the greatest common factor of s and 5620?
20
Let t be 30/40 + (-99)/(-12). What is the greatest common divisor of 2646 and t?
9
Suppose -360 = 12*x - 22*x. What is the greatest common factor of 1413 and x?
9
Suppose 2*n + 2*n = 52. Let z = 21 + n. Let m(y) = y**2 + 7*y - 13. Let b be m(-10). What is the greatest common factor of b and z?
17
Let k be (((-12)/9)/1)/((-55)/9 + 6). Calculate the highest common factor of 33 and k.
3
Let c = -851 + 823. Let a be (-1)/2*(-610 - (c - -16)). Calculate the highest common factor of 23 and a.
23
Let p = 50 + -56. Let i(r) = r**3 + 4*r**2 - 12*r + 2. Let d be i(p). Let v be 25 - 5 - (d + 1). Calculate the highest common divisor of 68 and v.
17
Let h(u) = 7*u**2 - 4. Let p be h(-5). Let g = 77302 - 77293. Calculate the greatest common divisor of g and p.
9
Let k(p) = -p**2 - 3*p + 2. Let q be k(-3). Suppose -3*d = -q*d - 10. Suppose -531 + 708 = 75*s - 948. Calculate the highest common factor of s and d.
5
Suppose 183*u = 64*u + 1666. What is the highest common factor of u and 11?
1
Let z(l) = -2*l**3 + 2*l**2 + 10*l + 96. Let j be z(0). What is the greatest common factor of 9168 and j?
48
Let b(l) be the second derivative of -8*l**3/3 + 4*l**2 + 127*l. Let v be b(0). Suppose -3*o = -6*o + 96. Calculate the highest common factor of v and o.
8
Let x(s) = 197*s + 406. Let z be x(-2). What is the highest common divisor of 270 and z?
6
Suppose 3*a - 17760 = -9*a + 4*a. Calculate the greatest common factor of 60 and a.
60
Suppose 37*j + 252 - 554 = 512. What is the greatest common divisor of j and 20306?
22
Let y(w) be the second derivative of -